665663
In base 14, what is 1326 - -726?
1a4c
In base 5, what is 444120430 + -11?
444120414
In base 11, what is -359782 - 0?
-359782
In base 7, what is -10 - 55410160?
-55410200
In base 14, what is 20 - 9bc749?
-9bc729
In base 12, what is 1a8218 - 808?
1a7610
In base 11, what is 30 - 4a617a?
-4a614a
In base 2, what is -1010100110111110000 - 100001001000?
-1010101011000111000
In base 12, what is b - a62bb4?
-a62ba5
In base 13, what is -27 + 5b29a2?
5b2978
In base 3, what is 20022122121220022 - 10?
20022122121220012
In base 15, what is -ace2 + 109?
-abd8
In base 10, what is 48829 + 1056?
49885
In base 4, what is 22033 - 30012233?
-23330200
In base 9, what is -1 - 22170531?
-22170532
In base 3, what is -2000022020 + -102122?
-2000201212
In base 16, what is 25b024 - 7?
25b01d
In base 4, what is -2201123020110 + 3?
-2201123020101
In base 13, what is 9716593 + 0?
9716593
In base 7, what is -633330 - -154?
-633143
In base 5, what is 2301 + -113420?
-111114
In base 13, what is 1269562 - -4?
1269566
In base 12, what is 14 + -37311a?
-373106
In base 10, what is -1 - 18361607?
-18361608
In base 2, what is 1110010101 - -111101010111?
1001011101100
In base 8, what is -211660 + 115?
-211543
In base 13, what is -a + 473503?
4734c6
In base 14, what is a0 + -309d7?
-30937
In base 5, what is 24341 - 3240?
21101
In base 3, what is -2202002202200 - 2?
-2202002202202
In base 6, what is -1451 - -1203521?
1202030
In base 14, what is 200b960c + 2?
200b9610
In base 10, what is -7610 + -507?
-8117
In base 14, what is 282690 - -3?
282693
In base 8, what is 62 + 2210254?
2210336
In base 15, what is -b24a90 + 6?
-b24a89
In base 15, what is e20b2a + -2?
e20b28
In base 10, what is 717 + -86919?
-86202
In base 12, what is -4706072 + 1b?
-4706053
In base 12, what is 471 + bb6?
1467
In base 3, what is -11 + -10000212221222?
-10000212222010
In base 7, what is -45121042 - -12?
-45121030
In base 8, what is 6425332 - 6?
6425324
In base 12, what is 4 - -51b985b?
51b9863
In base 5, what is 124033 - 1311120?
-1132032
In base 15, what is -3 - 1b4dc?
-1b4e0
In base 6, what is 244443 - -24132?
313015
In base 11, what is -1 + a099a106?
a099a105
In base 8, what is -12300 - 23037?
-35337
In base 5, what is -2140 + -11240421?
-11243111
In base 13, what is 58833a - 53?
5882b7
In base 10, what is -10645 - -1387?
-9258
In base 9, what is 0 - -4775744?
4775744
In base 11, what is 134722 - -531?
135153
In base 15, what is 7 + ba316?
ba31d
In base 3, what is 2 + 2000112010100220?
2000112010100222
In base 2, what is 1010010111001000 + 11000011011111?
1101011010100111
In base 2, what is -1010101111100 + 100011111?
-1010001011101
In base 7, what is -265242164 + -25?
-265242222
In base 3, what is -2000112202 + 2012022?
-1221100110
In base 2, what is 0 + -1111111000010000001101001?
-1111111000010000001101001
In base 11, what is 1a4399 - -148?
1a4536
In base 10, what is -2085 - -7676?
5591
In base 3, what is -11000 - -1021112000102?
1021111212102
In base 3, what is -2120222120211200 + -110?
-2120222120212010
In base 8, what is -5 - -170766?
170761
In base 6, what is 1 - 200112103?
-200112102
In base 4, what is -110231 - -11132003?
11021112
In base 12, what is -38452bb - -39?
-3845282
In base 3, what is 2002021 - -10022100002?
10101102100
In base 7, what is 61 + 531113?
531204
In base 6, what is -2205352 + -212?
-2210004
In base 16, what is 492b1b - -89?
492ba4
In base 13, what is 2891031 + -1?
2891030
In base 8, what is -162 + -27503?
-27665
In base 12, what is 489 - 25709a?
-256811
In base 5, what is 3 - 32321221021?
-32321221013
In base 11, what is -aa7802 + 73?
-aa773a
In base 16, what is -6574b + -25f?
-659aa
In base 10, what is 118347081 + 11?
118347092
In base 15, what is 5 + 3a7c0c0?
3a7c0c5
In base 13, what is 96b - c57?
-2b9
In base 13, what is -3a08496 + 4?
-3a08492
In base 3, what is -1120202 + 11112212?
2222010
In base 10, what is 1770889373 - 0?
1770889373
In base 2, what is 10 + -1000100001011101000101?
-1000100001011101000011
In base 16, what is -9f76142 - -1?
-9f76141
In base 16, what is 4653cd - -5e?
46542b
In base 9, what is -633 + -3511?
-4244
In base 16, what is -ea0e - -20b?
-e803
In base 6, what is -5242 - 33122?
-42404
In base 11, what is 63 + -247407?
-247354
In base 3, what is 121110210 + 10101000?
201211210
In base 2, what is 100 + -1010000100100101011011?
-1010000100100101010111
In base 4, what is -32213123 + -2101032?
-100320221
In base 8, what is -121 - 130456?
-130577
In base 12, what is 4 + -2147138?
-2147134
In base 15, what is 3c3 + -b34?
-761
In base 15, what is 398e7e51 - 2?
398e7e4e
In base 4, what is -1000203002 - 130?
-1000203132
In base 10, what is 47544838 + 3?
47544841
In base 10, what is -2003 + 12244?
10241
In base 10, what is 4 + 735004?
735008
In base 6, what is 14 - -100425214?
100425232
In base 4, what is -2012102 + 21001?
-1331101
In base 2, what is -101011100100 - 1000101100000100?
-1001010111101000
In base 15, what is -512c + 3e1?
-4c3b
In base 2, what is -1001100001010111110 - 10001001?
-1001100001101000111
In base 10, what is -26 - -558675?
558649
In base 5, what is 3432041431 - -10?
3432041441
In base 14, what is 42ba4 + 6?
42baa
In base 3, what is -1001011 - -1120010202?
1112002121
In base 10, what is -57 - 2525069?
-2525126
In base 8, what is -72214 - 435?
-72651
In base 7, what is 241 - -362136?
362410
In base 15, what is 5 + -2e890c?
-2e8907
In base 11, what is 2a54666 + 0?
2a54666
In base 15, what is -5959 + -674?
-60cd
In base 10, what is -85488796 + -2?
-85488798
In base 9, what is -851163 - -14?
-851148
In base 16, what is -40 - -1677ee?
1677ae
In base 6, what is -14 - -114222?
114204
In base 16, what is -fd89 + -1a?
-fda3
In base 15, what is 491 - -572?
a13
In base 2, what is 11101111110101011011011000 - -10?
11101111110101011011011010
In base 10, what is -10214746 - 2?
-10214748
In base 6, what is -10414 + 25445?
15031
In base 11, what is 10 - -13989a?
1398aa
In base 13, what is ab64b - 218?
ab433
In base 15, what is 4 - 37db87?
-37db83
In base 11, what is 21514 + 309?
21822
In base 7, what is 4032034 + 202?
4032236
In base 10, what is 21 - -417100?
417121
In base 14, what is 4d657b + -2?
4d6579
In base 3, what is 210 + -101022000212100?
-101022000211120
In base 7, what is -116665 + 24046?
-62616
In base 9, what is 3 - 10841362?
-10841358
In base 13, what is -2ca1 + -898?
-3869
In base 15, what is dcd4be - 0?
dcd4be
In base 6, what is 133050 + -2425?
130221
In base 9, what is -143563 - -1040?
-142523
In base 8, what is -1001 - -671030?
670027
In base 4, what is 101 + 2233330013?
2233330120
In base 15, what is -d - 21845a?
-218468
In base 9, what is 15016 - -21815?
36832
In base 4, what is -110 - 231231011?
-231231121
In base 2, what is 100 + -1001111100101100010010000110?
-1001111100101100010010000010
In base 10, what is 1754421 - 192?
1754229
In base 16, what is 1 + -5adcf0?
-5adcef
In base 11, what is -30 + -1174a1?
-117521
In base 6, what is -14032 + 1155011?
1140535
In base 8, what is 32637042 - 30?
32637012
In base 15, what is 1a3a + -130e?
72b
In base 16, what is -e6e - -1c9e4?
1bb76
In base 10, what is 76248678 - 3?
76248675
In base 11, what is -285 - -15a7a4?
15a51a
In base 10, what is -170956 + 96?
-170860
In base 12, what is 1582 - 1509?
75
In base 3, what is -102100102122 + -122112?
-102101002011
In base 3, what is -20020120222011 + -1120?
-20020121000201
In base 15, what is -11ba1 + -48?
-11be9
In base 14, what is -82621d - 98?
-8262b7
In base 10, what is 33572258 - -3?
33572261
In base 6, what is -11122023255 - -2?
-11122023253
In base 6, what is 3050 - -1043303?
1050353
In base 7, what is -21221265 - 301?
-21221566
In base 15, what is 9 - e5e631?
-e5e627
In base 11, what is -61518 - 14?
-61531
In base 3, what is -110 + -101110212121221?
-101110212122101
In base 14, what is 4ba8d6b + 1?
4ba8d6c
In base 15, what is 247e0a + 3?
247e0d
In base 16, what is -282e719 + 0?
-282e719
In base 13, what is 2022675 - 5?
2022670
In base 14, what is 10d8a + 8d?
11039
In base 3, what is 2020 - 2110010120100?
-2110010111010
In base 12, what is -1176 + -3ab8a?
-40144
In base 11, what is -4964503 - 13?
-4964516
In base 6, what is -10541 - 1250300?
-1301241
In base 14, what is 6c + -66a1?
-6633
In base 6, what is -45155325 + 135?
-45155150
In 